 divided by 4.
2
Suppose 96*u = 21954 + 3486. What is the remainder when u is divided by 68?
61
Let u(v) be the second derivative of v**4/4 + v**3/3 - 23*v. Calculate the remainder when 9 is divided by u(1).
4
Let n be 6*(12/(-9))/(-2). Let l(a) = 7*a - 6. Let u be l(5). Suppose -u = -k - 2*s, 4*k + 0*k - 104 = n*s. Calculate the remainder when k is divided by 7.
6
Suppose 4*t + 4*o = 12, -5*t + 2*o + 2*o = 12. Suppose t = -2*l + 3*l - 24. What is the remainder when 71 is divided by l?
23
Suppose 4*h + 46 = -2*p, -2*p + 6 = -0. Suppose 5*b - 52 = 68. What is the remainder when b is divided by 4 - (-33)/39 - 2/h?
4
Let y = -1405 + 1418. Suppose -3*d + 5 + 4 = 0. Calculate the remainder when ((-171)/(-6))/(d/8) is divided by y.
11
Let a = -299 - -445. Suppose -4*z = -5*o - a, -2*o = -2*z + 17 + 57. What is the remainder when 77 is divided by z?
38
Let y(k) = k**2 + 15*k + 7. Let w be 42/(-5) - (-8)/20. Let u be y(w). Let p = -37 - u. What is the remainder when 33 is divided by p?
9
Let r(m) = m**3 + 14*m**2 - 7*m - 6. Let f(u) = 20*u - 1. What is the remainder when r(-14) is divided by f(1)?
16
Suppose 4*d + 65 = 2*y + y, -5*y + 105 = -5*d. Suppose 2*x - 3*w + y = -16, -2*w = 4*x + 30. Let a = x - -35. What is the remainder when 73 is divided by a?
23
Suppose -8 = -4*k - 2*g - 0*g, -4*g + 16 = -2*k. Suppose a - 6 - 8 = k. Calculate the remainder when 54 is divided by a.
12
Let v = -29 - -33. Suppose v*j = -2*s + 72, 2*s = 3*j - 4*j + 24. Calculate the remainder when 45 is divided by j.
13
Let k = 1839 - 1788. Calculate the remainder when 53 is divided by k.
2
Suppose -3*f + 5*f - 7 = -3*k, -k - 19 = -2*f. Calculate the remainder when 690/25 + -4 - (-63)/(-105) is divided by f.
7
Suppose 2*a = 4*b + 72, 4*a + 6*b = b + 92. What is the remainder when a is divided by 9?
1
What is the remainder when 472 is divided by (13 + -68 + -2)*1/(-3)?
16
Let d(u) = -u**2 + 9*u - 3. Let g be d(9). Let a = g + 6. Suppose 3*x + 5*m = 45, -33 = -a*x + 3*m - 4*m. Calculate the remainder when 39 is divided by x.
9
Let w(h) = -h**2 + 2. Suppose 2*z + 3*z + 300 = 0. What is the remainder when z/(-15) - (3 - 1) is divided by w(0)?
0
Suppose -15 = -3*u - 45. Let d be (-4)/12 - u/3. Suppose 5*j + 143 = d*g, -g - 4*j + 49 = -6*j. What is the remainder when g is divided by 14?
13
Let i(u) = 33*u**2 - 2*u + 1. Let q = -341 - -358. What is the remainder when i(1) is divided by q?
15
Let z = -57 - -60. Calculate the remainder when (1 - z/2)/((-3)/90) is divided by 2.
1
Suppose 5*y - 4*y + 14 = 3*z, 0 = -4*y + 4*z - 16. Let u(w) = 3*w**2 + 0 - y + 5*w**2 - 3*w**2 - 2*w. What is the remainder when u(3) is divided by 13?
12
Let l = -511 + 616. Calculate the remainder when l is divided by 30.
15
Suppose 74 = 4*c - 34. Let u = -25 + c. Suppose -2*n - u*n + 300 = 0. Calculate the remainder when n is divided by 13.
10
What is the remainder when 3 + (1 + 2/(-4))*578 is divided by 6?
4
Let g be (-48)/(-22) + 34/(-187). Let u(t) = -6*t**2 + 3*t**3 - 4*t**3 - 18*t**2 + 6*t**g + 20 - 16*t. Calculate the remainder when 5 is divided by u(-17).
2
Let g(k) = 2*k**2 + k + 2. What is the remainder when 17 is divided by g(-2)?
1
Suppose 2*i - 16 = 4*b, 0 = -b - b + 4. Calculate the remainder when 116 is divided by i.
8
Suppose w + 8 = -4*i, -4*w + 5*w = 2*i + 4. Suppose 2*p + 38 = n, 3*n + w*n + 3*p = 69. Calculate the remainder when 50 is divided by n.
22
Let t(n) = n**2 - 13*n + 34. Let s be t(9). Calculate the remainder when 12 + (s - -1) - -2 is divided by 3.
1
Suppose -10*p + 12*p = 1258. What is the remainder when p is divided by 163?
140
Let y = 638 - 532. Calculate the remainder when y is divided by 42.
22
Suppose 15 = 5*u - 0*u. Suppose 3*z + 3705 = -0*z + 5*n, -n - u = 0. Calculate the remainder when z/(-24) + 1/3 is divided by 11.
8
Suppose 90 = o + 85. Let u(l) = l**3 - 4*l**2 - 9*l + 25. Suppose -w = -5 - 13. What is the remainder when w is divided by u(o)?
3
Let r(o) = o**3 - 21*o**2 + 24*o + 1. What is the remainder when r(20) is divided by 19?
5
Let a = 292 + -253. Calculate the remainder when a is divided by 6.
3
Let b = -792 - -835. What is the remainder when 167 is divided by b?
38
Suppose u + 2 = -5*v, 3*u + 2*v - 30 = 7*u. Suppose -60 = -4*x - 2*a, x + 2*a = -2*a + 22. What is the remainder when (-2)/u - 1140/(-28) is divided by x?
13
Let z = -389 - -428. Calculate the remainder when z is divided by 24.
15
Let x = 153 + -142. Calculate the remainder when 30 - -3*(-2)/(-3) is divided by x.
10
Suppose 6*l = -t + 4*l + 13, 16 = 4*l. Calculate the remainder when 5 is divided by t.
0
Let i(z) = -7*z + 29. Let u be i(19). Let g = u + 162. Calculate the remainder when g is divided by 15.
13
Let f = -1297 - -1312. Calculate the remainder when 162 is divided by f.
12
Suppose 3*w = 7*w - 32. What is the remainder when w is divided by 2?
0
Suppose 15 = z + l + 1, 4*l + 24 = 4*z. Calculate the remainder when z is divided by (1*2)/((-3)/(-6)).
2
Let t(l) = -l**2 + l + 10. Let d be t(3). Let a(k) = -k**3 + 6*k**2 - 3. What is the remainder when -1 + (-1 - -88) - 2 is divided by a(d)?
26
Suppose 4*t = -1 + 9. Let i(w) = -6 - w + t - 3. Calculate the remainder when 18 is divided by i(-14).
4
Suppose 0*k - 192 = -8*k. Calculate the remainder when 59 is divided by k.
11
Suppose 0 = -15*m + 21*m - 300. Calculate the remainder when m is divided by 15.
5
Let n(g) = 5*g + 14*g**2 - 3*g - 2*g. Calculate the remainder when n(-2) is divided by 29.
27
Let k = -428 + 456. Calculate the remainder when ((-33)/(-6))/(1/10) is divided by k.
27
Suppose 0 = t - 4*t - 9. Let x = 2 - t. Suppose -p = 4*g - 35, 60 + 64 = 5*p + 3*g. What is the remainder when p is divided by x?
3
Let u = -26 + 49. What is the remainder when 89 is divided by u?
20
Let v(k) = 2*k - 15. Let c(f) = -f**2 - 11*f - 3. Let b be c(-10). Let i be v(b). Let w = 6 - i. Calculate the remainder when 18 is divided by w.
4
What is the remainder when 3104/(-12)*(-21)/28 is divided by 61?
11
Let q be (17/5 - -2)/(3/45). Let j = q - 48. Calculate the remainder when j is divided by 9.
6
Let s be 1*(-188)/(-2 + -2). Let w = s - 15. Suppose -w = -p + 4*i, -70 = 3*p - 8*p + 2*i. Calculate the remainder when 22 is divided by p.
10
Let i = -473 - -714. What is the remainder when i is divided by 22?
21
Let d(r) = 54*r**2 - 1. Suppose 4*c = 12, -2*s + 5*s - 18 = -5*c. Calculate the remainder when d(s) is divided by 11.
9
Suppose 105 = 10*t - 55. Calculate the remainder when 219 is divided by t.
11
Suppose -26 + 18 = -2*d. Calculate the remainder when 65 is divided by d.
1
Let z(j) = -10*j - 145. What is the remainder when 92 is divided by z(-17)?
17
Let r(o) = 23*o**2 - o - 1. Let j be r(-1). Suppose -j - 5 = -4*x + 4*a, -5*x = a - 53. What is the remainder when 18 is divided by x?
8
Let q be -1 + 3 + -42 + -3. Let z be q/(-9) + (-4)/(-18). Suppose z*u = 10*u - 40. Calculate the remainder when 29 is divided by u.
5
Suppose 6*l + 4*s = l + 90, 5*s = -l + 18. Suppose 7*d - 138 = 100. Calculate the remainder when d is divided by l.
16
Suppose h - 9 = 4*h, -j = -2*h - 6. Suppose -n + 1 + 1 = j. What is the remainder when 4 is divided by n?
0
Suppose 6*c - 112 = 4*c - 3*w, 4*c - w = 210. Let j(t) = t**2 - t + 18. Suppose 0 = -2*z + 3*z. Calculate the remainder when c is divided by j(z).
17
Let v(q) = q**2 - 9*q - 19. Let m be v(11). Let b be 0/(1/m*-3). Suppose 3*x - 106 + 22 = b. Calculate the remainder when 81 is divided by x.
25
What is the remainder when 5 is divided by (-16)/(-112) - 135/(-35)?
1
Suppose -2*j = -5*j + 36. What is the remainder when 39 is divided by 1/4 + (-5 - (-225)/j)?
11
Suppose 5*y = -3*x + 3*y + 9, 0 = -5*x - y + 15. Suppose x*r - 25 = 5. Suppose 5*o - 1723 = -1693. What is the remainder when r is divided by o?
4
Let x(c) = c**3 + 5*c**2 - 19*c - 26. What is the remainder when x(-7) is divided by 9?
0
Let p = 396 - 374. What is the remainder when 238 is divided by p?
18
Let j be 9/(-3)*(-32)/(-12). Let w be -4*(0 + 4/j). Suppose -3*y = 2*g - 112, 3*y - 44 = 2*y - w*g. Calculate the remainder when y is divided by 18.
16
Suppose 0 = -2*f + 13 - 5. Calculate the remainder when 154137/4393 + 4/(-46) is divided by f.
3
Let b(a) = -6*a - 4. Let c be (-4)/(-18) - (-34)/9. Suppose -42 - 26 = -c*s. Calculate the remainder when b(-6) is